+ 78 = -3*z. Let i = -9 + z. What is the highest common factor of i and 17?
17
Suppose 3*y + 20 = 398. Suppose 48 = 5*h - h + 2*t, 62 = 5*h + 2*t. Calculate the highest common factor of h and y.
14
Let a be (-4)/(-10) + 740/25. Suppose -86 = -5*x + x - 5*j, 3*x + 5*j - 62 = 0. Suppose 3*g + g - x = 0. Calculate the highest common factor of g and a.
6
Let p(g) = -g**3 + 9*g**2 + 10*g + 11. Let m be p(10). Suppose -2*t + 4*t = 66. Calculate the greatest common divisor of t and m.
11
Suppose 0 = 4*m - m - 36. Let o(q) = -q**3 - 3*q**2 - q. Let c be o(-3). Calculate the highest common divisor of m and c.
3
Suppose 0 = 2*n - 7*n + 260. Let l = -91 + 104. Calculate the greatest common factor of n and l.
13
Suppose -3*o + 415 = -134. Suppose -3*h + 3*v + o = 0, -v - 25 = 4*v. Suppose m + 5*x + 8 = 0, m + 3 + 2 = -4*x. What is the highest common divisor of m and h?
7
Let u(b) = 60*b**2 - 4*b + 3. Let w be u(2). Suppose 3*a + z - 2*z - w = 0, -4*a = -3*z - 305. Calculate the greatest common divisor of a and 20.
20
Suppose -6 = 2*i - 4*i - 3*h, 2*h = -2*i + 8. Let u = 350 - 341. Calculate the greatest common divisor of i and u.
3
Suppose 0 = -j - 0*j + 260. Suppose -4*m + j = -2*m. Calculate the greatest common divisor of m and 13.
13
Suppose 2*d - 12 = -0*d. Let o(u) = -u**3 + 6*u**2 - 6*u + 8. Let b be o(5). Calculate the greatest common factor of d and b.
3
Let m(b) = 5*b + b**2 - 16*b + 12 - 2*b. Let t be m(13). What is the greatest common divisor of 3 and t?
3
Let u be (-2 - (5 - 9))*(-78)/(-4). Calculate the highest common factor of 39 and u.
39
Let t = -1 - -3. Let n = t + 0. Suppose -102 = -2*k - n. What is the greatest common divisor of k and 20?
10
Suppose -2*z + 5*x = 9, 0 = 3*z - 0*x + x - 12. Let o be 4*z/(12/11). Calculate the greatest common divisor of o and 11.
11
Suppose 63 - 173 = -v. What is the highest common divisor of v and 44?
22
Suppose 0*f - 4*f + 48 = 0. Let k = f + 0. Let s(l) = l**3 - 2*l**2 - 2*l + 3. Let i be s(3). Calculate the highest common divisor of k and i.
6
Suppose -3*k = u - 24, 4*k + 2 = -2. Let o = -5 + u. What is the greatest common divisor of o and 176?
22
Let d(z) = -14*z + 1. Let g be d(-1). What is the greatest common divisor of 3 and g?
3
Suppose -19 = -4*m + 141. Let i be (18/21 - 0)*14. Let u be 190/i + 6/36. Calculate the highest common divisor of u and m.
8
Let x be 2/(-9) + 152/36. Calculate the highest common factor of 28 and x.
4
Suppose 0 = 2*p - 2*x - 28, 8 = 3*x - 5*x. Suppose 157 = 6*c - 23. Calculate the highest common divisor of c and p.
10
Let f(w) = 4*w**3 - w**2 - w - 1. Let r be f(2). Let g(x) = -25*x - 25. Let j be g(-6). Calculate the greatest common factor of r and j.
25
Let w = -24 - -54. What is the highest common divisor of w and 12?
6
Suppose -30 = -3*g - 3*j, -31 = -2*g - g - 2*j. Let z(v) = v**3 - 24*v**2 - 52*v + 33. Let t be z(26). Calculate the highest common divisor of t and g.
11
Let k = 16 - 9. Suppose -k = -y + 6. Let n = -2 + y. What is the highest common divisor of 66 and n?
11
Suppose -6*y + 291 = -303. Calculate the greatest common factor of 11 and y.
11
Let r(p) = -4*p - 20. Let k be r(-16). Let c = 7 - -15. Calculate the highest common factor of c and k.
22
Suppose 0*c = -5*c + 2*w + 84, -2*c - 5*w + 51 = 0. What is the highest common factor of c and 45?
9
Suppose 5*q + 5*b - 230 = 0, -5*q + 158 = 4*b - 70. Suppose -m + w + q = -4*w, 2*m + 2*w - 88 = 0. Calculate the highest common factor of m and 66.
22
Let c be (8/(-20))/(2/(-200)). Suppose c = 2*r + 4*h, -4*r + 4*h = -h - 132. Let o be 122/18 - (-2)/9. What is the highest common factor of o and r?
7
Suppose -5*d - 4*p + 60 = 0, -4*d - 3*p + 57 = 2*p. Let q = 7 - -3. Let w = q - -22. What is the highest common factor of d and w?
8
Let t(z) = 4*z - 26. Let x be t(7). Suppose 2*h - 3 = 5. Calculate the highest common factor of h and x.
2
Suppose 5*d + 37 = 3*z, -d + 28 = z + 5. Calculate the highest common factor of 95 and z.
19
Let n(o) = 133*o + 2. Let z be n(4). Suppose -z = -6*t - 72. What is the highest common divisor of t and 7?
7
Let y be 26 + -7 - 2*2/(-4). Calculate the greatest common divisor of 30 and y.
10
Let z be 3 - (1/1 - 24). Suppose 6*p - 78 = 5*p. Calculate the greatest common factor of p and z.
26
Let j be ((-45)/6)/(2/(-12)). Calculate the highest common factor of j and 30.
15
Suppose 75 + 61 = t - 5*q, 0 = -4*t - q + 544. What is the greatest common divisor of 17 and t?
17
Let r be -3 + (9 + -3)/2. Let u be (-6)/4*(-2 - r). Let m be (-138)/(-8) + u/4. What is the highest common factor of m and 45?
9
Let k = 0 + -2. Let d = 28 - 5. Let o be k/(-6) + d/3. What is the greatest common divisor of 32 and o?
8
Let n = 16 + 28. What is the greatest common factor of 110 and n?
22
Let x be (18/(-1))/(-2 - 0). Calculate the highest common factor of 63 and x.
9
Let j be 1 + 19 + 0/4. Suppose 3*v + 900 = 8*v. Calculate the greatest common factor of v and j.
20
Let s(h) = -38*h - 43. Let o be s(-8). Calculate the highest common divisor of o and 29.
29
Let l(y) = -2*y - 1. Let v be l(-6). Let b(d) = -d**2 + 7*d - 5. Let p be b(6). Let r be ((-33)/9)/(p/(-33)). What is the greatest common divisor of r and v?
11
Let q = 375 + -166. Calculate the highest common divisor of q and 19.
19
Suppose -2*v - 4*p = -190, -48 + 347 = 3*v - p. What is the highest common factor of v and 11?
11
Let w be 2 + 4/(6/3). Let k = 10 - w. What is the highest common factor of 18 and k?
6
Suppose 8 = -4*z, i + 12*z = 16*z + 158. Let d be -1 + -1 + 32 + 0. What is the highest common factor of d and i?
30
Let g = -8 - 2. Let i(r) = -r. Let n be i(g). Let z be (-2)/4 - (-21)/2. What is the highest common factor of z and n?
10
Suppose 5*q = -4 + 769. What is the greatest common divisor of 17 and q?
17
Suppose -2*p + 51 = -3*r, -3*p + 5*p + 2*r = 26. Calculate the highest common factor of p and 18.
18
Let i = 27 + -13. Let h = 1 + -4. Let s = -1 - h. Calculate the greatest common factor of s and i.
2
Let b(a) = -2 + 6*a**2 - 2*a**2 + 0*a + a**3 - 2*a**2 - 4*a. Let c be b(-3). What is the highest common factor of c and 11?
1
Let t = 15 - 10. What is the greatest common divisor of t and 40?
5
Let q be (-1 - 0)/((-13)/26). Calculate the greatest common divisor of q and 22.
2
Let h(u) = -u**3 - 6*u**2 - 5*u + 3. Let y be h(-5). What is the greatest common factor of 15 and y?
3
Let n(o) = 3*o - 8. Let g = 5 - 3. Let m = 8 - g. Let a be n(m). Calculate the greatest common divisor of 2 and a.
2
Let n = -9 + 13. Suppose -22 = -5*d + n*l + 14, 0 = -2*d - l + 17. What is the highest common factor of d and 16?
8
Let v be ((-35)/5)/((-1)/1). Calculate the greatest common divisor of v and 28.
7
Let q be 2/(-7) - (-16)/7. Suppose -q*a - 15 = -5*a. Calculate the greatest common divisor of a and 35.
5
Let f be 5/(-1) - -4 - -3. Suppose 0*w = -f*w + 10. What is the greatest common factor of w and 10?
5
Let x(j) = 3*j**2 + 3*j. Let l be x(-2). Suppose m = l + 3. Calculate the highest common factor of 36 and m.
9
Let q = 33 + -5. Let r = q + -17. Calculate the highest common divisor of r and 1.
1
Let p(n) = -n**3 + 9*n**2 + 3*n - 7. Let m be p(9). Calculate the greatest common divisor of m and 4.
4
Let k be (1*-3)/((-92)/40 - -2). Calculate the greatest common divisor of k and 70.
10
Suppose 0 = -4*z + 3*n + 7, -3*z - 4*n + 2*n = -1. Calculate the greatest common divisor of z and 5.
1
Let b = 49 - 169. Let d be (b + -1)*1/(-1). Let a be (-5 - -2) + 13 - -1. What is the highest common factor of a and d?
11
Suppose 0 = -11*y + 12*y - 20. What is the highest common factor of y and 100?
20
Suppose b + 5 = 0, 4*a - 3*b + 5 = -a. Let c(x) = 4*x**2 + 3*x - 2. Let k be c(a). Let w be 168/(-35)*k/(-4). What is the greatest common divisor of w and 12?
12
Suppose -9*y + 16 = -11*y. Let q(j) = -4*j. Let x be q(3). Let s = y - x. Calculate the highest common divisor of 20 and s.
4
Let o = -37 + 243. Suppose o + 170 = 4*v. Suppose 5*i - 60 - 100 = -5*w, -3*w - 4*i + v = 0. Calculate the highest common divisor of 85 and w.
17
Suppose -3*f + 2*k + 77 = 0, 0 = 3*k - k + 2. Calculate the highest common factor of 10 and f.
5
Let z(l) = -l**3 - 10*l**2 + 12. Let n be z(-10). Let g be 8/3*6 + -1. Let s be 8/(-10)*g*-2. Calculate the greatest common divisor of n and s.
12
Suppo